be y(0). Let r(x) = s - 3 + 2 + 3*x + 3 - 2*x**2. Calculate r(a).
-16
Suppose 14*z = 12*z + 12. Let p(x) = x**3 - 4*x**2 - 6. Determine p(z).
66
Let l(t) = t**2 - 10*t + 4. Let p(j) = -j**2 + 11*j - 5. Suppose 7*q + 7 = -35. Let n(i) = q*l(i) - 5*p(i). What is n(5)?
1
Let g(h) = -9*h + 31. Let v(j) = -20*j + 78. Let w(u) = 9*g(u) - 4*v(u). Determine w(-19).
-14
Let i(k) be the third derivative of 5*k**4/24 - 5*k**3/6 - 3*k**2. Let j be 4*(3 - (-45)/(-20)). Suppose 2*p - 3 = -4*n + 17, j*n - 25 = -4*p. Give i(p).
15
Let v(a) = -48*a + 1. Let i(g) = 110*g - 14. Let s(q) = i(q) + 2*v(q). Calculate s(5).
58
Let g(s) = s**3 - 5*s**2 - 11*s - 4. Let f(t) = t + 1. Let u(q) = -3*f(q) - g(q). Let l(d) = -d**3 + 2*d**2 + 71*d - 274. Let m be l(5). What is u(m)?
13
Let w(v) be the first derivative of -v**3/3 + 6*v**2 - 14*v + 1. Suppose 3 = -73*a + 72*a - 2*s, 0 = 2*a - 3*s - 43. Calculate w(a).
-3
Let w = 57058 + -57051. Let v(t) = -t - 5. Let y be v(0). Let j(a) = 7*a - 8. Let o(d) = 20*d - 24. Let m(c) = y*o(c) + 14*j(c). Determine m(w).
-6
Let v(t) = 2*t - 11. Suppose 0 = -251*a + 262*a + 88. Determine v(a).
-27
Let n(m) = -9151 + 4571 - 2*m - 2*m + 4510. Give n(-21).
14
Suppose 30 = 15*k - 19*k + 2*q, k + 3 = -4*q. Let h(c) = -10*c - 49. Give h(k).
21
Let h(l) = 2*l - 16. Let v be h(10). Suppose 7*m - 17 = v. Suppose 0*j + m*j = -3*b - 3, -j = -2*b - 2. Let a(t) = -3*t + 1. What is a(b)?
4
Let i(y) = -11*y**2 + 61*y + 48*y - 110*y. Calculate i(1).
-12
Suppose -774 = 61*u + 25*u. Let b(f) = f**2 + 0*f + 14 - 11 + 10*f. Calculate b(u).
-6
Let a = -17441 - -17438. Let j(z) = 3*z - 4. Let w be j(3). Let o(n) = -1 - 2*n**2 + 5*n**2 + n**3 + 4 + w*n. Calculate o(a).
-12
Let r(z) = z**3 + 4*z**2 + 1. Suppose -10 = -7*t + 795. Suppose -121*y = -t*y + 12. What is r(y)?
9
Suppose -6 = l - 4*j, 0*l + 4*l + 24 = 5*j. Let m(s) = -8*s + 20. Let w(f) = 2*f - 5. Let d(a) = 2*m(a) + 9*w(a). Determine d(l).
-17
Let l(s) = -3*s**2 + 23*s - 9. Suppose 0 = 56*b + 66*b - 22*b - 800. Give l(b).
-17
Let q(x) = 7*x**2 - 27*x + 234. Let d(l) = -9*l**2 + 28*l - 235. Let i(v) = -4*d(v) - 5*q(v). Let b(k) be the first derivative of i(k). Determine b(-10).
3
Let s(w) = 2 - 916*w + 1828*w + 6 - 916*w. Give s(-4).
24
Let y = -2218 - -2213. Let l(f) = -13*f - 9. Give l(y).
56
Let i = 11 - 10. Let s(f) = 4*f**2 + 3*f - 1. Let l(p) = 3*p + 4. Let z be l(-3). Let w(u) = u**2 + u. Let h(q) = i*s(q) + z*w(q). Give h(2).
-9
Let j = -11 + 5. Let w be j/(-4)*(-6)/(-9). Let t = w + 6. Let v(m) = m**3 - 7*m**2 + 2*m + 4. Calculate v(t).
18
Let n(a) = -a**3 - 28. Let c(o) = 2*o**3 - 2*o**2 + o. Let g be c(1). Suppose 3*p + 3 = 0, -4*p - g = -5*s + 3. Determine n(s).
-28
Let o be 0/((3 - 1)*1). Let c be 15/(-75) - ((-272)/10 + o). Let y(g) = -10*g + 4*g - 25 + c. What is y(-3)?
20
Let c(a) = -a**2 - 18*a - 52. Let i be (6 + (-4)/(24/33))*(-35 + 3). What is c(i)?
-20
Let o(a) = -3*a - 8. Suppose b - 3*b = -z + 24, 3*z = -5*b - 27. Determine o(b).
19
Suppose 5*f = 319 - 309. Let b(o) be the first derivative of f*o**2 + 1/4*o**4 + 4/3*o**3 - 8 + o. Give b(-3).
-2
Let j = 21 + -19. Suppose j*k + 7 = 17. Let t(d) = 6*d - 6*d**2 - 5 - 17*d**3 + 36*d**3 - 18*d**3 + 0. Give t(k).
0
Let d(a) be the third derivative of -a**4/24 + 2*a**3/3 - 10268*a**2. What is d(-5)?
9
Let c(r) be the third derivative of 0*r + 1/12*r**4 + 3 - r**3 + 6*r**2. Suppose 0 = -4*w + 9*w - 25. Calculate c(w).
4
Let j(x) = -14*x - 5*x - 40 + 18*x - 215 - 31*x. What is j(-8)?
1
Let y(t) = 5*t**3 + 57 - 29*t - 4*t**3 - 29*t**2 - 3*t. Let q be y(30). Let w(v) = -2*v**3 - 3*v**2 + 3*v - 2. Calculate w(q).
16
Let c(u) = -u**3 - 8*u**2 - 11*u. Let s be c(-2). Let j(r) = -7*r**2 - 20*r - 7. Give j(s).
5
Let k(c) = c - 10. Let v be k(13). Let o(t) = v + t - 7 + 1. Let n be o(-2). Let r(z) = -z**3 - 4*z**2 + 4*z - 1. Determine r(n).
4
Let h(s) = -117*s + 726. Let q(v) = 9*v - 56. Let w(u) = -2*h(u) - 27*q(u). What is w(7)?
-3
Let h(y) be the third derivative of -y**6/60 - 3*y**5/20 - 5*y**4/24 + y**3/6 - y**2 + 103*y - 3. Give h(-4).
5
Let o(h) be the third derivative of 0*h**3 + 0 + 1/24*h**4 + 0*h**5 - 110*h**2 + 0*h + 1/120*h**6. Let n be ((-3)/(-6))/(1/2). Determine o(n).
2
Let b(g) = -g**3 - 14*g**2 - 18*g - 1. Let y be b(-13). Let l = -32 + y. Suppose -17*k = -13*k + l. Let x(v) = -v**3 - 9*v**2 - 9*v + 6. Calculate x(k).
14
Let w(h) be the second derivative of 1/12*h**4 - 1/2*h**2 + 43*h + 1/6*h**3 + 0. Let b(q) = 2*q - 8. Let v be b(6). Determine w(v).
19
Let d(s) = 16*s**3 - 6*s**2 - 6*s + 3. Let h(y) = 17*y**3 - 5*y**2 - 5*y + 2. Let z(w) = 3*d(w) - 4*h(w). Let j be (4/20)/(53/(-265)). Determine z(j).
21
Let l be (15 - (-35)/7)/3 + 4/(-6). Let h(a) = -a**3 + 6*a**2 - 5*a - 5. Give h(l).
-35
Let c(u) = -305 + 413 + 7*u - 203. Calculate c(11).
-18
Let i(r) = -12. Let n(h) = h - 3. Let v(p) = 2*i(p) - 3*n(p). Let c = -500 + 492. Calculate v(c).
9
Let b be (-27)/15*(-3)/((-9)/(-15)). Let l(g) = -5 + 4 + b - g. Let j = 66 + -59. Calculate l(j).
1
Let n(l) = -2*l**3 + 7*l**2 + 6*l - 3. Let h be n(4). Suppose 4 - 2 = y + 2*g, 4*g - 28 = -h*y. Let a(f) = -f**2 + 8*f + 11. Give a(y).
11
Let k = 133 - 67. Suppose 10*p = -k + 6. Let w(q) = -3*q - 8. Give w(p).
10
Let g be (141/(-282))/(2/(-20)). Let o(w) = w**2 + w + 12. Give o(g).
42
Let t(o) = -19*o - 231. Suppose 153*n - 100*n = -636. Give t(n).
-3
Let t(d) = d**2 + 9*d + 7. Suppose -2*n = -3*n + 54. Suppose 7*p = p - n. Let y be 2/p + (-88)/9 + 1. What is t(y)?
7
Let w = 0 + -8. Let n(z) = -67*z + 14. Let r(q) = -168*q + 36. Let m(p) = -5*n(p) + 2*r(p). Determine m(w).
10
Let a(i) = 4*i - 69. Let u(z) = 2*z - 35. Let c(x) = 4*x - 70. Let y(p) = -3*c(p) + 5*u(p). Let w(n) = -6*a(n) - 11*y(n). Give w(16).
-3
Let d(f) be the first derivative of 41*f**2/2 - 204*f - 7235. Calculate d(5).
1
Suppose 4*t - 13 = -u, u + 50 - 51 = 0. Let o(v) = -2*v**2 + 9*v. Calculate o(t).
9
Let d(g) = 4*g**2 + 3*g - 3*g**2 - 1 + g. Let k be 1/(-10) + 110409/(-28310). Calculate d(k).
-1
Let n(v) = v**3 + 7*v**2 + 10*v + 2. Suppose m + 2 = 2*m + 3*a, 0 = 2*a. Suppose -4 = -2*k, k - 5*k - m = 2*g. Calculate n(g).
2
Let c(m) = m**3 + 13*m**2 + 8*m - 40. Suppose 15 = -8*l - 6 - 75. Give c(l).
8
Let i(s) be the second derivative of -5*s**4/12 + 5*s**3/3 + s**2/2 + 65*s. Let f(l) = -l**2 + l + 1. Let x(g) = 6*f(g) - i(g). Give x(-6).
-7
Let j be (-24)/(-44)*(4 - (16 + -7) - -38). Let o(h) = h. What is o(j)?
18
Let z(r) = -48 + 13 + 19 - 7*r + 7. Let a(b) = -6*b - 10. Let w(y) = -6*a(y) + 5*z(y). Calculate w(0).
15
Let b(l) = -10*l - 1. Suppose -170 = -5*o - u + 1587, -4*o = -4*u - 1396. Let g = o - 350. Calculate b(g).
-11
Let h(r) = 2*r**3 - 4*r**2 + 3. Let j be h(-1). Let s(f) be the first derivative of -4*f**2 - 4*f + 18. What is s(j)?
20
Suppose -s - 2*s + 6 = 0. Let w(k) = -6*k**3 + 45*k**2 - 20*k - 5. Let q be w(7). Let b(d) = 7*d - 5*d**2 - d**q - 2*d**2 + 7*d**s - 8. What is b(6)?
-2
Let t be -6 + 2430/5 + 2. Let l = -483 + t. Let v(q) = 3*q - 1. Give v(l).
-4
Let w(b) = b**2 + 4*b - 27. Suppose 0*x - 5*x = 45. Let g be w(x). Let q(v) = -6 + 2*v + v**3 + g*v**2 + 12*v**2 - 23*v**2 + 0*v**3. Calculate q(-6).
18
Let l(y) = 15*y - 90. Let k be l(7). Suppose 3*q - k = 0, 4*i + 7*q = 4*q + 51. Let z(r) = -r**3 + 10*r**2 - 8*r - 13. Determine z(i).
-4
Let u(r) = r - 2. Let w(f) = -f + 2. Let l be (160/15 - 3)*6. Let y = l - 42. Let p(o) = y*w(o) + 3*u(o). What is p(-3)?
5
Let i(f) = 11*f**2 - 5*f + 4. Suppose 33*a - 32*a - 1 = 0. Let k be i(a). Let q(t) = 3*t - 25. What is q(k)?
5
Let g(o) = 14*o - 1. Let n be (-34)/12 - 8/48. Let b = -108 + 108. Let h be b - (n/(-2))/(27/18). Determine g(h).
-15
Let a(n) = -2*n**2 - 2 + n - n**3 + 3*n - 3*n. Let l be -4 + 4 - 3*(-16)/(-24). Let y be 1/l + (-141)/94. Determine a(y).
-4
Let t be ((-2)/(-2) + -6)/(-1). Suppose 0 = t*c - 3*c - 6. Let o(w) be the third derivative of -w**4/3 + w**3/3 - 502*w**2 - w. Give o(c).
-22
Let j(u) = u + 36. Suppose 23*d + 56*d - 2185 = -36*d. What is j(d)?
55
Let x(w) = 6*w - 60*w + 25*w + 1 + 30*w. Let r = 3 - -2. Suppose -r + 0 = -j. Determine x(j).
6
Suppose 193 - 220 = 9*j. Let q(u) = 3*u**2 - u - 7. Let w(v) = -3*v**2 + 2*v + 8. Let a(p) = 5*q(p) + 4*w(p). Determine a(j).
15
Let g(y) = 2*y - 1. Suppose -12 = -0*u - u - 2*a, 0 = 5*a 